. Calculate the highest common divisor of p and 22.
22
Let o be (4/(-9) - (11 - 942/54)) + 179. Let n be 74/(-2)*(7 - 8). What is the highest common factor of n and o?
37
Let u(i) = -9*i - 10. Let b be u(-3). Suppose 0 = -24*p + b*p + 28. Let l = 14 + p. Calculate the highest common divisor of l and 54.
18
Let g = -9638 - -9747. Calculate the highest common divisor of 436 and g.
109
Let a be -1 + -1 + -7*(1 - 2). Let k be ((-69)/12)/(a/(-40)). What is the highest common factor of 4 and k?
2
Let t be (-140478)/(-702) + (-8)/(-9). Let l(x) = 6*x**2 + 41. Let j be l(-7). What is the greatest common factor of j and t?
67
Suppose 0 = -256*k + 266*k - 8190. Suppose 948*q = 941*q + k. Calculate the highest common divisor of q and 26.
13
Suppose -1768 = -5*z + 3*f - 2*f, 4*f = 4*z - 1424. Suppose z = -6*x + 2003. Let w(m) = 13*m - 1. Let u be w(2). What is the greatest common factor of u and x?
25
Let k be ((-1100)/14)/((1820/(-2695))/26). What is the greatest common factor of k and 968?
121
Let u(k) = 6 + 3*k**2 + 6 + 17*k + k**2 - 4*k**3 - 9*k. Let y be u(-3). Calculate the greatest common divisor of 24 and y.
12
Let k = -760 - -8784. Calculate the highest common divisor of 272 and k.
136
Suppose 1077120 = 352*a + 176*a. Calculate the greatest common factor of 12 and a.
12
Let t = 22567 + -21883. What is the highest common factor of t and 437?
19
Suppose -171108 = 10*s - 6*s - 25*s. Calculate the highest common divisor of s and 168.
84
Let b be (-9 - 36)/(-5) + 3. Let x be ((-1)/(-3))/(2/30). Suppose -n - 3*t = -x*t - 88, -4*n + 2*t = -376. What is the greatest common divisor of b and n?
12
Let b = -3 + 2. Let z be -2 + (-2 - 9*b). Let j be ((-1)/(-3))/(4/(-70)*(-735)/1260). What is the highest common factor of j and z?
5
Let i(u) = -u**3 - 5*u**2 - 33*u + 475. Let l be i(0). What is the greatest common factor of l and 2?
1
Let t(h) = -18 + 16 - 1 + 7*h - 22. Let c be t(15). What is the greatest common factor of 30 and c?
10
Suppose 2*j + f = 7*j + 390, -2*f - 78 = j. Let o be (j/(-24))/(2/(-8))*-9. Calculate the highest common factor of 18 and o.
9
Let t be ((-210)/15 - -28) + 0 + 14. Let m(y) = 8*y**2 - y + 1. Let o be m(-2). What is the highest common factor of t and o?
7
Let p = -499 - -234. Let z = 338 + p. What is the highest common factor of 803 and z?
73
Let m be 2360/(-30) + (-2)/6. Let r = m + 91. Calculate the highest common factor of 126 and r.
6
Let i(n) = n**3 + 26*n**2 - 59*n - 794. Let b be i(-23). What is the greatest common divisor of 25 and b?
25
Suppose -4*f + 145 = 17. Suppose f*b + 460 = 34*b. Let p = 480 + -457. What is the highest common divisor of p and b?
23
Let m = 101 + -99. Let w be (m/(-6))/((-3)/99). Suppose -w*o = -4*o - 1071. Calculate the highest common factor of 17 and o.
17
Let w = 127 + -57. Let p be ((-400)/(-24))/((-6)/(-63)). Calculate the highest common factor of w and p.
35
Let i(v) = v**3 - 7*v**2 + 12*v - 7. Let u be i(5). Suppose 5*o = -2*n + 20, -3 = 4*o - 7*o - u*n. What is the greatest common divisor of 138 and o?
6
Let r(h) = -3*h - 100. Let v be r(-35). Suppose 4*b - b = -x + 52, -x = -v*b + 76. What is the greatest common divisor of 20 and b?
4
Let w be (18/45*175/30)/((-1)/(-33)). What is the greatest common factor of 14 and w?
7
Suppose -19*h = 1359 - 7857. Calculate the greatest common divisor of 304 and h.
38
Let n = 3 + -2. Suppose 109*a - 100*a = 0. Suppose a = -37*r - 70 + 699. What is the highest common divisor of r and n?
1
Let g be -3 + 1868 - (4 + -2). Calculate the highest common factor of 405 and g.
81
Suppose 0 = -c - 2*a + 36, -18*a + 19*a = -4*c + 130. Let v be -2 + (3 - (-2)/1). Suppose 0 = v*t - 0*t - 48. What is the highest common factor of t and c?
16
Let m = 36 - 23. Let u(r) = 5*r**2 - 10*r + 16. Let t be u(-9). Suppose 0 = 7*n - t - 672. What is the greatest common factor of m and n?
13
Suppose -2*s = -d - 1688, 5*d + 126 - 926 = -s. Calculate the greatest common divisor of 630 and s.
210
Let a(h) = 4*h - 8. Let b be a(2). Suppose 3*s - 8*s + 1680 = b. Calculate the highest common divisor of s and 42.
42
Let g = 9453 + -5051. Calculate the greatest common factor of g and 142.
142
Suppose -5*g + 146 = 2*d, -2*d + 64 = 3*g - 22. Suppose 5*w - 245 = -3*y, -13*w + 17*w = 16. What is the highest common factor of g and y?
15
Let c = 2959 - 2867. Calculate the highest common factor of c and 253.
23
Suppose -2876*a = -2881*a + 15. Let u be (48/9)/(1/3). Suppose -3*k - a = -z, 2*z - u = -0*z - 4*k. Calculate the greatest common divisor of 18 and z.
6
Suppose a - 2*n - 683 = 0, -9298 = -17*a + 3*a - 5*n. What is the greatest common divisor of 1073 and a?
29
Let p(s) = 64*s + 9509. Let c be p(72). Calculate the highest common factor of c and 19.
19
Let p(j) = -2*j**2 - 11*j + 17. Let s be p(-6). Let l(f) = -f**3 + 13*f**2 - 23*f + 12. Let u be l(s). Calculate the greatest common divisor of u and 1.
1
Suppose 3*v - 9 = 2*v. Let t = -1329 + 1459. Suppose 4*b + 3*a = t - 34, -4*a + 119 = 5*b. Calculate the highest common factor of b and v.
9
Suppose -3*r + 8*r - 2*c = 114, 4*c = 5*r - 108. Suppose -h + r = -30. What is the greatest common divisor of h and 90?
18
Let k(z) = 4*z**3 + 9*z**2 - 8*z - 35. Let p be k(-4). Suppose -u + 12 = 81. Let w = u - p. What is the greatest common divisor of w and 69?
23
Let g = -194 + 199. Suppose -v = -4 + 1. Suppose v*a = g*w + 7 + 54, -4*w + 26 = a. What is the greatest common divisor of a and 55?
11
Let v(w) = 1328*w - 192. Let t be v(6). Calculate the highest common divisor of t and 192.
96
Suppose 0 = -4*i - 2*a + 104, -3*i + 4*a - 72 = -194. Calculate the highest common divisor of i and 3576.
6
Let d = 1576 + 1944. Calculate the highest common divisor of d and 22.
22
Let u = -1582 - -1652. What is the greatest common factor of u and 2555?
35
Suppose -496 = -3*p - 28*p. Let f be (-356 + 2)/(78/(-208)). Calculate the greatest common factor of f and p.
16
Suppose 12 = 4*d - 2*w, 3*d = -2*w + 5*w + 3. Suppose 0 = d*b - 0*b - 1495. Calculate the highest common divisor of b and 23.
23
Let k(g) = -g**3 + 10*g**2 + 168*g + 12. Let l be k(-9). What is the greatest common divisor of 2899 and l?
13
Suppose 27 = 5*y + 2, 0 = t - 5*y - 233. Let m = t + -234. Calculate the highest common factor of m and 88.
8
Suppose -4*n - 16 = -0*n, -3*u - n + 14 = 0. Suppose -u = 2*x - 4*x. Suppose 0 = 4*d - x*d - 11. What is the greatest common factor of 88 and d?
11
Let p(o) = 62*o**3 - 12*o**2 + 31*o - 5. Let c be p(2). Let w = c - 349. Calculate the greatest common divisor of w and 36.
12
Let f(b) = -b**3 + 3*b**2 - 5*b + 21. Let n be f(3). Let u be 168 + (3 - n) - 0. What is the greatest common factor of u and 22?
11
Suppose 0 = -5*q, 2*c - 5*q - 8 = 10. Suppose c*d = 162 + 54. What is the highest common factor of d and 24?
24
Let f = 55 + -31. Let u(m) = 3*m**2 - 9*m - 117. Let x be u(-5). What is the greatest common factor of f and x?
3
Let i be 111*1 + 2/2*-1. Suppose -i - 290 = -8*y. Suppose 6*a - y = 4*a. Calculate the greatest common factor of a and 25.
25
Let i(v) = -64*v + 1. Let q be i(0). Let d be (39/65)/(q*1/50). What is the highest common divisor of d and 20?
10
Suppose 0*i - 3*i - 4*g + 422 = 0, 2*g = -5*i + 680. Suppose 256*j + 66 - 578 = 0. What is the highest common divisor of i and j?
2
Suppose 4*x - 80 = -52. Suppose -20 = -2*g - 2*o + 6*o, -4*g = o - 31. Let n be g/10 + 155/25. What is the highest common factor of x and n?
7
Suppose 55*o - 340684 = 36*o - 10654. What is the highest common divisor of 90 and o?
90
Let z(c) = -11*c**3 - 2*c**2 - 76*c - 332. Let q be z(-4). Suppose -3*l - p + 69 = 0, 39 = 4*l + 2*p - 53. Calculate the greatest common factor of q and l.
23
Let t(c) = c**2 + c - 8. Let x be t(-4). Suppose x*m + 1 = 17. Suppose -m = 4*u - 44. What is the highest common divisor of u and 80?
10
Let h(y) = y**3 - 2*y + 17. Let p be h(0). Suppose -r + 12 = p, 3*m - 5*r - 37 = 0. Calculate the highest common divisor of m and 72.
4
Let m(a) = -4*a**3 - 18*a**2 - 7*a + 2. Let u be m(-4). Let q be (1 + 3)*(-25)/u. What is the highest common factor of q and 125?
25
Let l be 103590/185 + 150/2775. Calculate the highest common divisor of 6640 and l.
80
Suppose -10*s = -11*s + 5, 4*s = -5*v + 55. Suppose 6*j = v*j - 76. Suppose 3*a - 7*a + 16 = 0, 5*